t q = -14 - s. What is the highest common factor of 60 and q?
15
Suppose 4 = 3*u - 8. Suppose -77 = -u*x - 21. Suppose 0 = 4*j + 222 - 558. What is the highest common divisor of j and x?
14
Let q be -65*(-7)/(70/4). What is the highest common factor of q and 65?
13
Let a be (-4 - -5)/(2/18). Suppose -5*p = 2*r - 21 + a, r - 7 = -3*p. Suppose 4 = p*t - 0*t. Calculate the highest common divisor of 6 and t.
2
Let x be -1 + 0/(-1) + -407. Let o be ((-18)/8)/(9/x). What is the greatest common factor of o and 17?
17
Suppose 4*k = -5*r + 152, -4*r + 152 = 3*k + k. What is the greatest common divisor of k and 19?
19
Let f(c) = -3*c + 34. Let p be f(6). Let s(k) = 2*k**2 + 6*k + 4. Let w be s(-5). Calculate the highest common divisor of p and w.
8
Let z = 622 - 430. Suppose 0 = -7*s + 3*s + z. Suppose 5*d + s = 228. What is the highest common divisor of d and 54?
18
Let z = 98 + -96. What is the greatest common divisor of z and 38?
2
Let h = 158 + -68. Suppose -l - 4*l + 82 = -2*f, 3*f - 66 = -3*l. What is the highest common factor of h and l?
18
Let l be 1*(3 + 14 + 2). Suppose -117 - l = -t. Calculate the greatest common factor of t and 17.
17
Let g(i) = 6*i**2 + 3*i + 2. Let u be g(3). Suppose p + 7 = -4*k, -3*p + 14 = -0*k + 5*k. Calculate the greatest common divisor of u and p.
13
Let d be 2*(1 - 2) + 24. Let v = 14 + -110. Let u = 151 + v. Calculate the highest common factor of d and u.
11
Let u = -4 - -16. Let r = -28 + u. Let c = r + 27. Calculate the greatest common divisor of c and 11.
11
Suppose l - 2*c + 0*c = -2, 0 = -4*l - 3*c + 25. Calculate the highest common factor of 16 and l.
4
Let v be 0 - ((-36)/3 + 0). Calculate the greatest common divisor of v and 18.
6
Suppose 0*w + 4 = w. What is the highest common factor of w and 40?
4
Suppose -5*r + 0*l - 4*l + 298 = 0, 2*r + 2*l = 120. What is the highest common factor of r and 174?
58
Let k be 1*2 + 2 + 32. What is the highest common factor of 4 and k?
4
Suppose 8*f = 87 + 49. Calculate the greatest common divisor of f and 17.
17
Let f(v) = v**3 + 6*v**2 + 3*v - 1. Let l be f(-4). Let c = l + -16. What is the highest common factor of 33 and c?
3
Suppose -4*s + 76 + 59 = 5*t, -2*t - 142 = -4*s. Let q be (-21)/(-3)*(3 - 2). Calculate the greatest common divisor of s and q.
7
Let h(t) = t + 1. Let z be h(9). Calculate the highest common divisor of z and 15.
5
Let j be ((-81)/2)/((-9)/12). Suppose 0 = q + 3*q - 16. Suppose q = 3*l - 14. Calculate the greatest common divisor of j and l.
6
Suppose 1 = 5*h - 19. What is the greatest common divisor of 6 and h?
2
Let z(c) = 4*c + 1. Let s be z(2). Suppose f = -2*v - 12, v - 2*f - s = 2*v. Let t be (2/v)/1*-30. Calculate the highest common factor of 4 and t.
4
Let g be (-31)/(-31) + (24 - -1). What is the greatest common factor of g and 182?
26
Let m(b) = -2*b**2 - b + 7. Let d(v) = 5*v**2 + 3*v - 15. Let a(y) = 3*d(y) + 7*m(y). Let o be a(-2). Calculate the highest common divisor of 2 and o.
2
Suppose -x + 4*s = -2*x + 7, 0 = -3*x + 2*s + 91. What is the greatest common divisor of 27 and x?
27
Let k = -2 - -4. Let a(h) = 2*h. Let n be a(-2). Let v = 6 + n. Calculate the highest common divisor of v and k.
2
Suppose 29 = 2*t + 3*d, -1 = t - 4*d + 1. Suppose -36 + 236 = 2*f - 4*u, -310 = -3*f + 4*u. Calculate the highest common divisor of f and t.
10
Suppose 94 = 2*l + 5*y, 8 + 69 = l - 5*y. Let d be 2 - 70/3*-3. Suppose p = -1 - 2, -5*p = -3*h + d. What is the greatest common factor of l and h?
19
Let d = 2 - -3. Suppose -3 = h, -d*h + h + 108 = 5*f. Suppose -p - 21 = -4*z, 3*z - 17 = -3*p + 10. Calculate the highest common factor of z and f.
6
Suppose 0 = -5*j + 53 + 7. What is the greatest common divisor of 84 and j?
12
Let n = -3 + 3. Suppose 4*u + u + o + 23 = 0, 3*o - 6 = n. Let v(m) = 3*m**2 + 5*m - 2. Let t be v(u). Calculate the highest common divisor of t and 12.
12
Let n(k) = k**2 - 2*k - 42. Let z be n(-6). What is the highest common divisor of 66 and z?
6
Let n be -14*(-87)/12*4. Calculate the highest common divisor of 14 and n.
14
Suppose 26 = 5*h - 24. Suppose -h = -d - d. Suppose 0*k + 20 = d*k. Calculate the greatest common divisor of 2 and k.
2
Let y be (-301)/(-6) - (-26)/(-156). Calculate the highest common divisor of y and 25.
25
Let n(b) = -b**3 - 4*b**2 + 2*b - 1. Let o = 1 + -6. Let j be n(o). What is the highest common factor of 56 and j?
14
Let w(z) = -4*z - 40. Let r be w(-25). What is the greatest common factor of r and 30?
30
Suppose 2*q = -3*m + 6*q + 5, 3*q = 3. Let t(l) = 4*l**2 + l - 3. Let r be t(m). What is the greatest common divisor of r and 12?
12
Let j be (-3 - 6609) + (1 - 1). Let s be (-2)/(-1) - j/(-6). Let b be (-4)/(-5)*s/(-8). What is the greatest common factor of 10 and b?
10
Let y = -20 - -34. Calculate the greatest common divisor of 70 and y.
14
Let h be ((-4)/6)/((-6)/9). Suppose -g - t = -3, 5*t + h = 4*g - 20. Let w(i) = i**2 - 2*i. Let z be w(g). What is the greatest common divisor of z and 8?
8
Suppose 2*f - 3*d - 202 = -3*f, 0 = -4*f - 2*d + 144. Calculate the greatest common divisor of 114 and f.
38
Let x be -1*(0 - 104/2). What is the highest common divisor of 13 and x?
13
Suppose -2*c - 4*n + 36 = 10, -n = -5*c + 21. Calculate the highest common divisor of 2 and c.
1
Let j(h) = -h**2 - 3*h + 2. Let l be j(-4). Let k be 10/(1/(-8)*l). Suppose 0*o - o + 16 = 0. Calculate the highest common divisor of o and k.
8
Let t = -10 - -22. What is the greatest common factor of t and 108?
12
Let s = 5 + -3. Let r be (9/6)/(s/4). Let z = r - 0. What is the highest common divisor of 1 and z?
1
Let a = 6 + -9. Let f be -2 + (0 - 12/a). Let o be -3 + (-2)/(-2) + 4. Calculate the greatest common divisor of o and f.
2
Suppose -4*g - h = 3*h - 24, -10 = -2*h. What is the highest common divisor of g and 1?
1
Suppose 75 = 5*d - 4*l + 2*l, 2*d + 2*l = 30. Suppose -t - 23 - d = 0. Let k be t/(-8) - 1/(-4). What is the greatest common divisor of 35 and k?
5
Let i be 3 - (-46)/(-14) - 37/(-7). What is the highest common factor of 2 and i?
1
Suppose 0 = g - 5 - 1. Let u be (-2)/(-11) + (-140)/(-77). Let z be 57 + (u + 1)/(-1). What is the highest common divisor of z and g?
6
Suppose -2*o - 5 = 3*a, 5*a = 3*o - 0*o + 17. Suppose 4*q - 17 = -2*d + 145, 3*q + d = 123. Suppose -5*t + q = 17. What is the highest common factor of a and t?
1
Suppose 355 = 5*i - 5*d, 0*i + i = 4*d + 86. What is the highest common factor of 6 and i?
6
Suppose 3*k + n - 12 = 0, 2*k = -0*k - 4*n + 8. Suppose k*c - 22 = 2*c. Let m = c + 1. What is the highest common divisor of 84 and m?
12
Let l(v) = -v + 13. Let q be 1 + 10/(3 + -1). Let b be l(q). What is the greatest common factor of b and 63?
7
Let c = -10 - -16. Let x be ((-18)/4)/(3/(-4)). What is the greatest common factor of c and x?
6
Let o = 7 - -24. What is the greatest common divisor of o and 93?
31
Let x be (-2)/2 - (-3)/(-6)*-44. What is the greatest common factor of 14 and x?
7
Let q be 8 - -27 - 0/(-2). What is the greatest common divisor of 7 and q?
7
Let i be (-14)/49 + (1 - 1140/(-21)). What is the highest common divisor of i and 22?
11
Let m(u) = u - 2. Let d be m(5). Suppose -d*v + 11 = -28. Calculate the highest common divisor of v and 39.
13
Suppose -4*z + 4 + 1 = r, -2*r - 4*z + 10 = 0. What is the highest common divisor of r and 50?
5
Suppose -8 = -4*s + 3*s. What is the greatest common factor of s and 72?
8
Suppose 4*w = -m + 25, -3*w - 2*m + 35 = 2*w. Suppose 0 = 5*i + w*u - 15, i - 2*u - 9 = -0*i. Calculate the greatest common factor of 1 and i.
1
Let q = -114 + 135. What is the highest common divisor of 105 and q?
21
Suppose 27 = -6*t + 9*t. Calculate the highest common divisor of 36 and t.
9
Let r be 1/6 - 167/(-6). Calculate the highest common divisor of 14 and r.
14
Suppose -6*s + 85 + 23 = 0. Calculate the highest common divisor of s and 144.
18
Let l be -6*((-7)/(-2))/(-7). What is the greatest common factor of l and 2?
1
Let k = 11 - 7. Calculate the highest common divisor of k and 8.
4
Suppose 2*w + f = 53, -184 + 29 = -5*w + 5*f. Calculate the greatest common factor of w and 224.
28
Let g be (-84)/(-5) + 10/50. Calculate the greatest common factor of g and 136.
17
Let g(p) = p + 11. Let q be g(7). Calculate the highest common divisor of q and 18.
18
Let k be 1